digit of (-2)/((-4)/42 - 1192/(-12614))?
2
Let g(y) be the third derivative of y**5/30 - 7*y**4/24 - y**3 - 167*y**2. Let x = -3 - -8. What is the units digit of g(x)?
9
Suppose 2*c + 2*c = -k + 40, 4*k + 4*c - 100 = 0. Suppose -x + k = -10. Suppose -z + 6*z = 2*l - 42, -2*l = -2*z - x. What is the tens digit of l?
1
Let p = -726 + 462. Let j = 391 + p. What is the units digit of j?
7
Suppose 0 = 4*k - 0*k - 12. Let x(z) = 20*z - 44. Let v be x(9). Suppose 4*g = f + v, -k*f - 32 = -g + 13. What is the tens digit of g?
3
Suppose 5*m - 3 = -5*j + 27, 5*m = -3*j + 24. Let c(r) = 4*r - 5*r**2 - 19 - 3*r**2 + 4 + r**j + r**2. What is the units digit of c(7)?
3
What is the thousands digit of (-27)/(-63) + 31208/28?
1
What is the hundreds digit of 34*((-196)/(-7))/4?
2
Let z(s) be the second derivative of s**4/4 + 5*s**3/6 + s**2 - 11*s. What is the tens digit of z(4)?
7
Let r(u) be the second derivative of -5*u**3/3 - 26*u**2 - 21*u. What is the units digit of r(-17)?
8
Let y = 46 - 64. Let f = 47 + y. Suppose 0*m - 15 = -3*m, 3*m + f = 4*g. What is the units digit of g?
1
Let u = 6 + -11. Let j(q) = -44*q + 37. What is the tens digit of j(u)?
5
Let d = -66 - -68. Suppose -3*c + 4*p + 616 = 0, 2 = 2*p - d. What is the units digit of c?
8
Let l = 629 - 314. Let r = l + -219. What is the tens digit of r?
9
Suppose 16*v + 11*v - 8181 = 0. What is the hundreds digit of v?
3
Let o = 2843 + -371. What is the thousands digit of o?
2
Suppose -7*l + 7055 + 3816 = 0. What is the units digit of l?
3
Suppose 18*o + 26*o = 90640. What is the units digit of o?
0
What is the hundreds digit of 865 + ((-63)/(-3))/3?
8
What is the thousands digit of 30686/10 - 140/(-350)?
3
Let h(c) = -5*c + 6. Let l(b) = -1. Let t(q) = -h(q) - 5*l(q). Let s(i) = -7*i - 75. Let o be s(-11). What is the units digit of t(o)?
9
Let h = -496 + 550. What is the tens digit of h?
5
Suppose 0 = 4*z - 0*z - 4*y - 1180, 0 = 4*z + y - 1195. What is the tens digit of z?
9
Let v(w) = w**3 + 6*w**2 + 7*w + 7. Let q be v(-5). Let c be (17 + q)*(1 - -2). Suppose -f - b + 18 = 0, 0*b + b + c = 3*f. What is the tens digit of f?
1
Suppose 0 = -4*f + 2*u + 134, -5*f - 2*u + 4*u = -165. Let t = f + -20. What is the tens digit of t?
1
Suppose -17*y + 176 = -6*y. What is the units digit of y?
6
Let o(d) be the third derivative of d**5/60 - 7*d**4/24 + d**3 + 7*d**2. Let u be o(5). Let y(h) = -16*h - 7. What is the units digit of y(u)?
7
Let p(i) be the first derivative of -4*i**2 - 10*i + 2. Let o be (-9 - -2) + (-3)/3. What is the tens digit of p(o)?
5
Let n(v) = 7 - v - 2*v - 6*v + v. Suppose 2*m = 2*c - 4*c - 4, -5*c + 3*m = 18. What is the tens digit of n(c)?
3
Suppose -8*j = -3*j + 100. Let n(u) = -5*u**2 + 4*u - 3. Let f be n(3). Let h = j - f. What is the units digit of h?
6
Suppose 4*c - 7*u + 2*u - 2053 = 0, 2*c - 5*u - 1039 = 0. What is the units digit of c?
7
Let u = -5 + 13. Let j = u + -15. Let w = j + 15. What is the units digit of w?
8
Let u be (-4 - (0 - 4))/(-1). What is the units digit of (u - 131)/(6/12*-2)?
1
Let p = 30 - -38. Let h = -44 + p. What is the units digit of h + (2/1 - 3)?
3
Suppose 9836 = 8*s + 1540. What is the units digit of s?
7
Let q(k) be the second derivative of -k**4/12 - 5*k**3/6 + 2*k. Let o be q(-4). What is the units digit of (2/o)/((-8)/(-1136))?
1
Suppose -8*s = -16 - 8. Let f be -1*((-3 - s) + 3). What is the tens digit of 29 + (-16)/12*f?
2
Let x = -1257 - -1371. What is the hundreds digit of x?
1
Suppose -5*u = 2*w + 7, -u - 4 = -1. Suppose k - 3*s = 3*k - 289, -2*k = w*s - 290. What is the units digit of k?
3
Suppose -2 = 2*f - 62. Suppose 0*h - i = 2*h - f, 30 = 2*h + 2*i. What is the tens digit of h?
1
Suppose 3*a + 4 = 5*a, k = 4*a + 12. Let w = 20 - k. Let y(h) = -h**3 - h**2 - 2*h + 19. What is the units digit of y(w)?
9
Let x(s) = s - 7. Let c be x(7). Suppose -4*p + c = -4. What is the units digit of (-195)/(-18) - p/(-6)?
1
Suppose -24*q + 11149 + 35 = 0. What is the hundreds digit of q?
4
Let r = 61 + -59. What is the units digit of 113/((0 + 2)/r)?
3
Suppose 5*v + 3*o - 68 = 0, 0*v + 23 = 2*v - 3*o. Suppose v*p = 12*p + 7. Suppose p*m - m = 66. What is the tens digit of m?
1
Let c = 9 - -2. Let w = c + -7. Suppose 0 = w*j - 5*m - 49, -5*j + 0*m + 52 = 3*m. What is the tens digit of j?
1
What is the tens digit of 390/126 + -3 + 145228/84?
2
Let r = 17 + -17. Suppose r = 6*t - 2*t + 16. What is the units digit of -1*(3 + (-21 - t))?
4
Let q = 0 + 10. Suppose -15*f = -38 - 22. Suppose -5*x - 2*i + 228 - q = 0, f*x = 4*i + 152. What is the tens digit of x?
4
Let c = -92 - -92. Suppose c*g - 396 = -6*g. What is the tens digit of g?
6
Let g(w) = 9*w - 4. Let s be g(1). Suppose 5*k + 72 = 2*n, 60 = s*n - 3*n - 2*k. What is the units digit of n?
6
Let n = -2 - -717. What is the units digit of n?
5
Suppose -6*x = -5*x - 3. Suppose 0 = 5*j + 5*d + 15, -x*j = -3*d + 3 - 18. What is the units digit of (j + -1 + -1)*-44?
4
What is the units digit of 22/(-1)*(-455)/26?
5
Suppose -p - p - 8 = 0. Let c(b) = -19*b + 2. Let u be c(p). Let n = -35 + u. What is the tens digit of n?
4
Let p = -35 - -44. Let v be -3 - -3 - (-1 + -1). Let h = p - v. What is the units digit of h?
7
Let r = 101 + -88. Suppose -115 - 2 = -r*k. What is the units digit of k?
9
Let z = -16 + 18. Suppose -2*q = z*q. Suppose -2*p = -q*p - 52. What is the units digit of p?
6
Suppose 51 = -4*w + 567. Let h be -7 + 1 - (-2 + -16). What is the tens digit of (-3)/4 + w/h?
1
Let q(f) = 12*f**3 - 7*f**2 + 9*f - 29. What is the units digit of q(3)?
9
Let c be (1/(-2))/(1/(-18)). Suppose 2*n = 2, -c = 5*w - 5*n - 34. What is the tens digit of (-476)/(-12) - (-2)/w?
4
Suppose -3*z = 5*k - 323, 2*z + z + k = 343. Let t = z + -70. What is the units digit of t?
6
Let b = 23 - 20. Suppose -a = 3*t + 19, -a = -t - b - 2. Let p(f) = -f**3 - 4*f**2 + 6*f + 4. What is the units digit of p(t)?
0
Let u(y) = 5*y - 5. Let g be u(2). Suppose -2*a + 3*b + 160 = 2*b, -b + 386 = g*a. What is the tens digit of a?
7
Let u be -3*((-16)/12 - 3). Suppose 15*k - u*k = 148. What is the tens digit of k?
7
What is the units digit of 1927 + 3 + 1 + 4?
5
Suppose 2291 = 2*i - 4089. What is the hundreds digit of i?
1
Let p(k) = k**3 - k + 5. Let a(f) = f**2 - 5*f - 5. Let g be a(6). Let y be -6 + 10 - 4/g. What is the units digit of p(y)?
5
What is the units digit of ((-132)/48)/(0 - (-4)/(-800))?
0
Let s(f) = 50*f**2 + 25*f - 117. What is the hundreds digit of s(4)?
7
Let a(r) = -24*r**3 + 3*r**2 - 2*r - 6. Let k be a(-2). Let i = k + -29. What is the tens digit of i?
7
Suppose 4*v = w - 0*w - 7, 2*v + w = -11. Let h be 0 + v/(-3) + 1. Suppose 3*d - h*i - 3 - 55 = 0, 0 = 3*d + 3*i - 33. What is the units digit of d?
6
Let s = 20 + -47. Let j = -24 + 20. What is the units digit of (j/(-3))/((-6)/s)?
6
Suppose 0 = t + 4*n - 279, 271 = t - n + 3*n. What is the tens digit of t?
6
Suppose 0 = 3*d - 0*d - 6. Suppose -d*v - 2*b - 55 + 209 = 0, -2*b = 5*v - 370. Suppose 4*u - v = -0*u. What is the tens digit of u?
1
What is the units digit of 4/(-6) + (-12965)/(-3) + -2?
9
Suppose -w - 4*p + 23 = 0, 0 = -3*w + 2*p - p + 69. Suppose -r + w = -13. Suppose 2*f = -2*g + r, -4*g + 3*f + 11 = -33. What is the tens digit of g?
1
Let a(o) = 4*o**2 - 99*o - 18. What is the units digit of a(-16)?
0
Let a(v) be the second derivative of v**4/6 + v**3/3 - 13*v**2 - 13*v. What is the tens digit of a(-5)?
1
Suppose 0 = 4*t - 20, r - 82 = t + 163. What is the hundreds digit of r?
2
Let m(u) = -u**3 - 4*u**2 + 4*u - 3. Let h be m(-5). Suppose -h*z = -z + 40. Let s = z + 63. What is the units digit of s?
3
Let t = 211 + 706. What is the tens digit of t?
1
Let d(u) = -39*u - 11. Let k be d(-9). Suppose -13*i + 8*i + k = 0. What is the units digit of i?
8
Let h = 96 + 24. Suppose 4*d = -d + h. Suppose 3*j + 0*j - d = 3*n, -13 = -5*j - 4*n. What is the units digit of j?
5
Let h = -18 - 2. Let k = h - -17. What is the units digit of ((-6)/4)/(k/18)?
9
Let p(j) = 2*j**2 + 6*j + 2. Let d be p(-3). Suppose 4*m + 4 = 4*g, d*g = 4*m - 3*m + 3. Suppose m + 5 = s. What is the units digit of s?
6
What is the units digit of ((-5)/(25/(-69)))/((-4)/(-340))?
3
Suppose 3*o = u + 6, 4*u - 7 = -3*o + 14. Suppose w + 23 = -3*z, 3*w = -4*z + o*z + 3. Let j = z - -34. What